{"id":143,"date":"2025-01-04T22:59:28","date_gmt":"2025-01-04T21:59:28","guid":{"rendered":"https:\/\/adage-studio37.com\/?page_id=143"},"modified":"2025-06-18T22:09:26","modified_gmt":"2025-06-18T20:09:26","slug":"photosvideos","status":"publish","type":"page","link":"https:\/\/adage-studio37.com\/index.php\/photosvideos\/","title":{"rendered":"Photos &#038; Vid\u00e9os"},"content":{"rendered":"\t\t<div data-elementor-type=\"wp-page\" data-elementor-id=\"143\" class=\"elementor elementor-143\">\n\t\t\t\t<div class=\"elementor-element elementor-element-0e10bf2 e-flex e-con-boxed wpr-particle-no wpr-jarallax-no wpr-parallax-no wpr-sticky-section-no wpr-equal-height-no e-con e-parent\" data-id=\"0e10bf2\" data-element_type=\"container\" data-e-type=\"container\">\n\t\t\t\t\t<div class=\"e-con-inner\">\n\t\t\t\t<div class=\"elementor-element elementor-element-132e0ff elementor-widget elementor-widget-text-editor\" data-id=\"132e0ff\" data-element_type=\"widget\" data-e-type=\"widget\" data-widget_type=\"text-editor.default\">\n\t\t\t\t<div class=\"elementor-widget-container\">\n\t\t\t\t\t\t\t\t\t<p><em><strong>Tarifs photos (d\u00e9mat\u00e9rialis\u00e9es)<\/strong><\/em><\/p>\n<ul>\n<li data-sourcepos=\"5:1-5:41\"><strong>Les 10 premi\u00e8res photos :<\/strong> 2\u20ac l&#8217;unit\u00e9<\/li>\n<li data-sourcepos=\"7:1-8:0\"><strong>Les suivantes :<\/strong> 1\u20ac l&#8217;unit\u00e9<\/li>\n<\/ul>\t\t\t\t\t\t\t\t<\/div>\n\t\t\t\t<\/div>\n\t\t\t\t\t<\/div>\n\t\t\t\t<\/div>\n\t\t<div class=\"elementor-element elementor-element-b6d30f5 e-flex e-con-boxed wpr-particle-no wpr-jarallax-no wpr-parallax-no wpr-sticky-section-no wpr-equal-height-no e-con e-parent\" data-id=\"b6d30f5\" data-element_type=\"container\" data-e-type=\"container\">\n\t\t\t\t\t<div class=\"e-con-inner\">\n\t\t\t\t<div class=\"elementor-element elementor-element-2bcfa9d elementor-widget elementor-widget-html\" data-id=\"2bcfa9d\" data-element_type=\"widget\" data-e-type=\"widget\" data-widget_type=\"html.default\">\n\t\t\t\t<div class=\"elementor-widget-container\">\n\t\t\t\t\t<iframe id=\"haWidget\" allowtransparency=\"true\" scrolling=\"auto\" src=\"https:\/\/www.helloasso.com\/associations\/adage-studio-37\/boutiques\/achats-photos-et-videos\/widget\" style=\"width: 100%; height: 750px; border: none;\"><\/iframe>\t\t\t\t<\/div>\n\t\t\t\t<\/div>\n\t\t\t\t\t<\/div>\n\t\t\t\t<\/div>\n\t\t\t\t<\/div>\n\t\t","protected":false},"excerpt":{"rendered":"<p>Tarifs photos (d\u00e9mat\u00e9rialis\u00e9es) Les 10 premi\u00e8res photos : 2\u20ac l&#8217;unit\u00e9 Les suivantes : 1\u20ac l&#8217;unit\u00e9<\/p>\n","protected":false},"author":1,"featured_media":0,"parent":0,"menu_order":0,"comment_status":"closed","ping_status":"closed","template":"","meta":{"om_disable_all_campaigns":false,"_monsterinsights_skip_tracking":false,"_monsterinsights_sitenote_active":false,"_monsterinsights_sitenote_note":"","_monsterinsights_sitenote_category":0,"_uf_show_specific_survey":0,"_uf_disable_surveys":false,"footnotes":""},"class_list":["post-143","page","type-page","status-publish","hentry"],"aioseo_notices":[],"_links":{"self":[{"href":"https:\/\/adage-studio37.com\/index.php\/wp-json\/wp\/v2\/pages\/143","targetHints":{"allow":["GET"]}}],"collection":[{"href":"https:\/\/adage-studio37.com\/index.php\/wp-json\/wp\/v2\/pages"}],"about":[{"href":"https:\/\/adage-studio37.com\/index.php\/wp-json\/wp\/v2\/types\/page"}],"author":[{"embeddable":true,"href":"https:\/\/adage-studio37.com\/index.php\/wp-json\/wp\/v2\/users\/1"}],"replies":[{"embeddable":true,"href":"https:\/\/adage-studio37.com\/index.php\/wp-json\/wp\/v2\/comments?post=143"}],"version-history":[{"count":19,"href":"https:\/\/adage-studio37.com\/index.php\/wp-json\/wp\/v2\/pages\/143\/revisions"}],"predecessor-version":[{"id":6078,"href":"https:\/\/adage-studio37.com\/index.php\/wp-json\/wp\/v2\/pages\/143\/revisions\/6078"}],"wp:attachment":[{"href":"https:\/\/adage-studio37.com\/index.php\/wp-json\/wp\/v2\/media?parent=143"}],"curies":[{"name":"wp","href":"https:\/\/api.w.org\/{rel}","templated":true}]}}